t r = 52 - h. What are the prime factors of r?
19
Let m(g) = -57*g - 45. What are the prime factors of m(-9)?
2, 3, 13
Suppose -3*c - 2621 = -4*i + 10867, -c = 0. What are the prime factors of i?
2, 3, 281
List the prime factors of (-1)/((-1)/228) + 47 + -47.
2, 3, 19
Suppose -10*z = -14*z - 192. Let d = z + 71. What are the prime factors of d?
23
Let l be (8/(-5))/(6/(-15)). Let f be (-24)/l*12/(-3). Suppose -2*z = -z - f. List the prime factors of z.
2, 3
Let v(a) = 14*a + 354. List the prime factors of v(0).
2, 3, 59
Suppose 9*c - 5*c = 12. Suppose 0*i - 4*i - c*f = -20, -3*i + 10 = f. List the prime factors of 2*1/i*43.
43
Suppose -3*s + 381 = -5*k, -2*s = -7*s - 3*k + 601. Suppose -g + 3*g - s = 0. Let d = g - 24. List the prime factors of d.
37
Let o = 747 - 292. List the prime factors of o.
5, 7, 13
Suppose 3*d = -12, 5*d = -4*j + 6*d + 20. List the prime factors of (10/5)/(j/16).
2
Let x(b) = -13*b**3 - 1. Let j be x(-2). Let u = j - 58. What are the prime factors of u?
3, 5
Suppose 5*k + z - 34 = -0*z, 5*k - 2*z = 22. What are the prime factors of 40/k + -6 + 115/3?
3, 13
Let d = -1899 - -2966. Suppose -2*t + 537 = 3*c, -4*t + 5*c - 4*c + d = 0. What are the prime factors of t?
3, 89
Suppose -5*g - 121 + 1541 = 0. List the prime factors of g.
2, 71
Suppose i = -b - 0*i - 48, -111 = 2*b - 3*i. Let h = b - -67. What are the prime factors of h?
2
Suppose -7*i - 2 = -16. Suppose 0 = i*h - 3*h + 45. List the prime factors of h.
3, 5
Suppose -5*k + 4943 = 3*v, -4*k - 5*v - 690 = -4634. List the prime factors of k.
991
List the prime factors of 10371/39 - 2/(-26).
2, 7, 19
Let c = -485 - -587. Suppose 0 = -2*q + q - 44. Let o = c + q. List the prime factors of o.
2, 29
Let z be (-2)/1 - (3 + (-8)/(-4)). List the prime factors of (-291)/z - 12/(-56)*2.
2, 3, 7
Suppose 16 = 3*c + 2*l - 0*l, -2*c = -5*l - 17. List the prime factors of (-288)/27*(-9)/c.
2
Suppose -2*t + 2 = -2*c + t, -12 = -4*c - 2*t. Suppose 0 = -6*d - c + 26. Suppose -b = -4*k + 74, d*b - 11 - 35 = -3*k. What are the prime factors of k?
2, 3
Let l = -37 - -40. Suppose -3*c + 44 = 4*f, -c + 4*c = -l*f + 45. List the prime factors of c.
2
Suppose 5*k - 95 = 165. Suppose -41*s + 42*s = k. List the prime factors of s.
2, 13
Let u = 14 + -16. Let v(z) = 36*z**2 + 3. Let s be v(u). List the prime factors of s/(-2)*6/(-9).
7
Suppose 0*x + 4 = x. Let g(b) = 2*b - 3. Let a be g(x). Suppose a*p = -4*k + k + 45, 4*p + 4*k = 28. What are the prime factors of p?
2, 3
Let i be 3/(-6)*-1*98. List the prime factors of i/1 + -1 + 0.
2, 3
Suppose 2828 = 9*q + 488. What are the prime factors of q?
2, 5, 13
Let m(b) = 775*b + 270*b - 1 + 1. Let l be m(-1). What are the prime factors of l/(-22) - 1/(-2)?
2, 3
Let g = 83 + -79. Suppose v - 3*o = -0*o + 55, v = 4*o + 52. Suppose 5*h + g*p = 173, -h + 3*h = p + v. What are the prime factors of h?
3, 11
Suppose -2292 = -11*p + 2757. List the prime factors of p.
3, 17
Suppose s = -2*s - c - 19, -3*c = -2*s + 2. Let t(m) = 5*m**2 + 2*m - 7. List the prime factors of t(s).
2, 3
Let y = -31 + 34. Suppose 4*d = p + 71 + 188, -y*p + 279 = 4*d. Let u = 1 + d. What are the prime factors of u?
67
Suppose 5*b + m - 2 = 0, -5*b + m = -0*b + 2. List the prime factors of b - (-7)/((-7)/(-18)).
2, 3
Let v(s) = 0*s**2 - 1 + s**3 + s**2 - s - 2*s**2. Let z be v(-1). What are the prime factors of z/(-5)*(6 + 69)?
2, 3, 5
Suppose 4*c = -k + 1775, c - k = -0*c + 440. What are the prime factors of c?
443
Let y be (128/(-12))/((-6)/9). Let l = y + -13. Suppose -2*w = l*k - 13, -2*w - 6 = -2*k - 14. List the prime factors of w.
5
Suppose 0 = -2*x + 263 + 1635. What are the prime factors of x?
13, 73
Suppose 2*w = -3*m + 5*w - 102, -3*m - 116 = 4*w. Let z = m - -48. What are the prime factors of z?
2, 3
Suppose 0*t = 3*t - 2*u - 2275, 2*u = 4*t - 3030. List the prime factors of t.
5, 151
Let z(c) = c**2 + 3*c - 3. Let g be z(-6). Let y = g - 12. Suppose 0 = p + y - 10. What are the prime factors of p?
7
Let g be 243 - (0 + (-12)/(-4)). Suppose 28*k - g = 23*k. List the prime factors of k.
2, 3
Let l(g) be the first derivative of -24*g**2 - 6*g - 10. List the prime factors of l(-3).
2, 3, 23
Let b(f) = 22*f**2 - 2*f - 1. Let k(g) = -g**2 - 3*g + 5. Let v be k(-4). Suppose 2*x = v - 3. List the prime factors of b(x).
23
Suppose -1128 = 16*m - 4872. List the prime factors of m.
2, 3, 13
Suppose -u = -5*w - 625, 3209 = -2*u + 7*u - 4*w. What are the prime factors of u?
3, 5, 43
Let b(h) = -6*h**3 + 6*h - 5. Let i be b(2). Let v = 107 + i. List the prime factors of v.
2, 3, 11
Let z = 614 + -306. List the prime factors of z.
2, 7, 11
Let z(v) = v**2 - 29*v - 12. What are the prime factors of z(-8)?
2, 71
Let g = -5 + 8. Suppose -g*z + 2*z = -50. List the prime factors of z.
2, 5
List the prime factors of (-2 - (-16)/12)/(10/(-11865)).
7, 113
List the prime factors of (-4 - -367) + (3 + -1 - 3).
2, 181
Let q be 4/(-14) - (-494)/(-133). Let z(h) = -h**3 + 4*h**2 + 3*h + 6. What are the prime factors of z(q)?
2, 61
Let h(n) = n + 17. Let j be h(-13). Suppose 2*c = 3*p - 6*p + 406, j*c - 772 = 4*p. List the prime factors of c.
197
Suppose -5857 = -4*r + c, -4*r + 8*c + 5867 = 5*c. Suppose r = 11*g - 1155. List the prime factors of g.
2, 7, 17
Let h(n) be the second derivative of -n**5/20 + n**4/6 - n**3/2 + n**2/2 - 33*n. What are the prime factors of h(-5)?
191
Let v = 5 - 1. Suppose -5 = -3*w + v. Suppose -w*a = a - 16. List the prime factors of a.
2
Suppose -6*s = -1134 - 2364. List the prime factors of s.
11, 53
Suppose n + 4*l - 277 = 614, -2*n - 4*l + 1786 = 0. What are the prime factors of n?
5, 179
Suppose -4*t + 3*x + 28 = -x, x - 17 = -3*t. List the prime factors of ((-1212)/(-30))/(t/15).
101
Suppose 163 + 413 = 8*i. Suppose 3*t - k - i - 34 = 0, t + 3*k = 42. Suppose 0 = h - t - 9. What are the prime factors of h?
3, 5
Let q = 7 + -4. Let j = q + 0. Suppose -132 = -b - j*b. What are the prime factors of b?
3, 11
Let f(h) = -7*h + 3. Let j be f(3). What are the prime factors of (-114)/(-4)*-6*10/j?
5, 19
Suppose 2*d = -2*t + 6, 3*d + 2*d = -t + 19. Suppose -52 = -d*b + 160. List the prime factors of b.
53
Suppose i + 106 = 16. Let s = 193 + i. What are the prime factors of s?
103
Let p(z) = -z**2 - 9*z + 13. Let m be p(-10). Suppose 0*w = -3*w + m*y + 129, -4*y = -w + 37. List the prime factors of w.
3, 5
Let b be (175 - -10) + (2 - -1). Suppose b = -7*i + 11*i. What are the prime factors of i?
47
Let a be -5*(1 - (-1)/(-5)) + -11. Let n(y) = -17*y - 22. List the prime factors of n(a).
233
Suppose 0 = -2*t - 5 - 3. Let o = t + 20. What are the prime factors of o?
2
Let h = 16 - 10. Suppose -21 = h*b + 3. What are the prime factors of (b + 7)/(-1) - -41?
2, 19
Suppose -19299 = -14*a + 189. List the prime factors of a.
2, 3, 29
Let m be 16/88 - (-106)/22. Suppose m*r - 234 = 86. List the prime factors of r.
2
Suppose 3*i + 4*c = 1293, -5*i - c = -0*i - 2172. List the prime factors of i.
3, 5, 29
Let l = 9 + -6. Suppose -7*r - 3*v = -3*r - 21, l*r - 5*v + 6 = 0. What are the prime factors of r - (-1 - -2)*-14?
17
Suppose 80*t - 79*t - 577 = 0. List the prime factors of t.
577
Let n(y) = y**3 + 21*y**2 + 18*y - 38. Let u be n(-20). List the prime factors of (-48)/(-15)*(u + 3).
2
Let t = -8 + -5. Let j be (t + 13)/(3*1). Suppose -5*g + 0*g + 320 = j. What are the prime factors of g?
2
Suppose -1920 = -6*h + 8856. What are the prime factors of h?
2, 449
Let z(v) = v**3 - 13*v + 6000. List the prime factors of z(0).
2, 3, 5
Let q = 817 + 1698. What are the prime factors of q?
5, 503
List the prime factors of 1*418 - (-30)/(-5).
2, 103
What are the prime factors of (-5910)/(-450) - 4/30?
13
Suppose 2*f - 61 = -7. Let v = 58 + f. What are the prime factors of v?
5, 17
List the prime factors of (-48)/(-3) + 2*-2.
2, 3
Suppose 0 = -5*z + 5*j - 80, 3*z - 2*j + 48 = -j. Let o = z - -30. List the prime factors of o.
2, 7
Let m = -204 + 134. Let u = 80 + m. List the prime factors of u.
2, 5
Let v(b) = 2*b - 6. Let g be v(4). Suppose 3*a + 143 = 5*j, g*j - 31 = a + 26. Let p = j - 14. What are the prime factors of p?
2, 7
Let i = 357 + -155. Let y be (-30)/(-2)*(-5)/(-3). Suppose -i = -3*j - y. What are the prime factors of j?
59
Suppose -2*w = 4*v - 3*w - 2, -4*w - 8 = -3*v. Suppo